 = -t. Let p(n) = -n**3 + 8*n**2 + 7*n - 19. Is p(b) a composite number?
False
Let j = 11 - 6. Suppose 3*f + r = -3*r - 29, -j*f - 4*r - 51 = 0. Let q = f + 30. Is q a composite number?
False
Let m = -13 - -17. Suppose -4*n - m*c = -5*n + 789, 0 = -4*n + 3*c + 3143. Suppose n = -t + 6*t. Is t a composite number?
False
Let w(p) = 555*p**3 + 3*p**2 - 1. Let h be w(2). Suppose -5*s + h + 84 = 0. Is s a composite number?
False
Suppose t + 3114 = 3*n, n - 5*t - 986 = 66. Is n a prime number?
False
Suppose -v - 3*z = -221, v + 0*z - 221 = -4*z. Suppose -41*y = -40*y - v. Is y a prime number?
False
Let j = 18 + -13. Let p = -14 - j. Let d = p + 50. Is d composite?
False
Let a = -20 + 34. Let u = a + -8. Suppose 0 = -3*d + u*d - 255. Is d a prime number?
False
Let y = 523 + -346. Is y a composite number?
True
Let n(v) = -33*v + 1. Suppose 3*l + 318 = 3*m, -l - 2*l - m - 314 = 0. Let k be l/49 - (-1)/7. Is n(k) a composite number?
False
Is (9 + -5)*(-43866)/(-72) a composite number?
False
Suppose -3*m + t = -m + 111, -m + t = 53. Let o = -21 - m. Let u = o - -162. Is u a prime number?
True
Let u = 2043 + 2618. Is u prime?
False
Let v(g) be the third derivative of -g**6/40 + g**5/60 + g**4/12 - g**3/2 + 6*g**2. Let z be v(4). Let a = -94 - z. Is a a composite number?
True
Let c(o) be the first derivative of -67*o**5/60 - 5*o**4/24 - 4*o**3/3 - 1. Let u(g) be the third derivative of c(g). Is u(-2) prime?
True
Let l(j) be the first derivative of 2*j**3/3 - 5*j**2/2 - 4*j - 2. Is l(7) a prime number?
True
Suppose -3*c + 11005 = 4*h, -3*h - 4*c = 5055 - 13314. Is h a composite number?
False
Let i = -12205 + 28064. Is i composite?
False
Let b(s) = 6*s - 9. Let i(a) = 49*a - 72. Let q(r) = -51*b(r) + 6*i(r). Is q(-13) prime?
False
Is 6/27 + 3334542/54 a composite number?
False
Is 1822 - 0/(3 + 0) prime?
False
Suppose -57*x + 386887 = -296372. Is x a prime number?
True
Suppose 5*v = 3*s - 2*s + 3385, 4*s - 5*v = -13570. Let n = s + 4876. Is n a composite number?
False
Let w = 25857 - 10786. Is w prime?
False
Let j be (7 - 1) + -2 + 0. Suppose j*b - 235 - 781 = -4*l, 3*l = 5*b - 1246. Is b a prime number?
True
Let j be -1 + 0 + 4 - (21 - 21). Suppose 5*v + g - 4*g = 3973, -j*g = 2*v - 1606. Is v prime?
True
Let l(q) = q**3 + q**2 + q - 3. Let d be l(0). Let b be (-199 - d)/(1/(-1)). Let m = -117 + b. Is m a composite number?
False
Let s(d) = 10*d**2 + d - 11. Let a be s(-4). Suppose 700 - a = 5*n. Is n prime?
False
Let a = -197 + 278. Suppose -a = 2*p - 639. Suppose -p + 95 = -4*z. Is z a prime number?
False
Let l be (3 - 2038/(-6))/(6/45). Let q = l - 1209. Is q a composite number?
False
Suppose 66*t = 71*t - 35. Suppose -6*f - 79 = -t*f. Is f composite?
False
Suppose -3*z - 2*w = -5595, z - 2*w - 1861 = -4*w. Let f(s) = 21*s**3 + 2*s**2 + 3*s + 2. Let k be f(-1). Is 8/k + z/5 prime?
True
Let r(z) = -z**3 + 6*z**2 + 2*z - 9. Suppose 0 = 2*y - y - 6. Let q be r(y). Suppose 0 = -2*g - 2*i + 518, -q*g + 3*i + 557 + 238 = 0. Is g prime?
False
Let g = 3 - 11. Let a(r) = -r**3 - 7*r**2 + 8*r + 4. Let s be a(g). Is (s + -6)*(-59)/2 prime?
True
Suppose -41589 = y - 10*y. Is y composite?
False
Let t be (-1 + 0)*(-3 + 0). Suppose 0 = 4*c - 2*f - 500, -2*f = t*c - 6*f - 365. Is c prime?
True
Suppose 0 = x + q - 12, 3*q = -3*x + x + 29. Let f(t) = 2*t**2 - 2*t + x*t - 2 + 2*t**2. Is f(5) composite?
True
Let s = 2871 + -1947. Suppose -3*x = -4*k + 1862, -2*k + 3*x = -2*x - s. Is k prime?
True
Let q = -16 + 13. Let i(o) = 204*o**2 - 2*o + 1. Is i(q) prime?
False
Let z = 9529 + -5276. Is z composite?
False
Let s(l) = -19*l + 7. Let d be s(-8). Suppose -4*g + 356 = -2*z, 5*g + 4*z = -67 + 525. Let o = d - g. Is o a prime number?
False
Suppose -5*w + 4890 = -4855. Is w a prime number?
True
Let o(w) = -19*w**3 - w + 1. Let n be o(-2). Suppose -r + 4*r - 485 = 2*d, 4*d + n = r. Is r a prime number?
True
Let c(n) = 164*n**2 - 16*n + 1. Is c(8) a prime number?
True
Suppose 11*s + 2156 = 15*s. Suppose -4*l = 3*l - s. Is l composite?
True
Let l = 25128 + -17519. Is l prime?
False
Suppose -q - 452 = -2*g + q, 2*g - 4*q = 456. Suppose 0 = -6*f + 30. Suppose 12 = -5*o + o, -3*o - g = -f*w. Is w a prime number?
True
Let q = 34 - 31. Suppose -4*z = p - 21221, 5*z + p - 26523 = q*p. Suppose -n = 4*n - z. Is n a composite number?
False
Suppose -2*v = -3*m + 10357, 0 = -7*m + 11*m - 2*v - 13810. Is m a prime number?
False
Let d = 1868 - 945. Is d a prime number?
False
Let y(x) = 7*x**2 - 3 - 5*x + 2 + 20*x**3 - 19*x**3. Is y(4) a prime number?
False
Let k be (-7)/((-7)/(-118)) - -4. Let q = 635 + k. Is q a prime number?
True
Let k be 220/45 - 1/(-9). Suppose k*w + 158 = 3*n, 0 = -n + w + 48 + 4. Is n a prime number?
False
Let o(d) = d**2 + 5*d - 11. Let j be o(-7). Suppose 0 = 4*x + 5*y + 116, j*x + 148 = -x + 3*y. Is 2/(-4) + (-25347)/x a composite number?
True
Let i(t) be the third derivative of t**5/30 + 5*t**4/24 + 11*t**3/6 + 2*t**2 - 29. Suppose 8 = 4*x - 3*x - 4*h, 4*h = -20. Is i(x) composite?
False
Let w = -16 - -16. Suppose r - 1 - 2 = w. Suppose 2316 + 4413 = r*v. Is v a composite number?
False
Is 14/(-4) + 111375/54 composite?
True
Let y = 301 + -110. Is y prime?
True
Suppose -z - 2*z = 0. Suppose 3*s + 2 = 4*d - z, 2*s = 4. Suppose -3*o = d*q - 316, 3*q + o - 481 = -0*q. Is q a composite number?
True
Suppose -3*o = 3*c + 414, c + 696 = -5*o - c. Let t = o + -561. Let m = 1204 + t. Is m prime?
True
Let k(d) = -33504*d - 119. Is k(-2) a prime number?
True
Let h(s) = 523*s**2 - s - 1. Let c be ((-1)/2)/(2 - (-20)/(-8)). Is h(c) a prime number?
True
Is 2 - 1639/(2/(-2)) a composite number?
True
Suppose 0 = -5*f - 0*f. Suppose -3*a - a + 676 = -4*l, -2*l + 5*a - 350 = f. Let r = 608 + l. Is r a composite number?
False
Suppose -5*d + 4*d - 3*b = -8, 3*d - 4*b = 24. Suppose d*p + 17668 = 12*p. Is p composite?
True
Suppose 36 = -8*o + 4*o. Let f = -11 - o. Is (1 + f)*(-1 - 46) composite?
False
Let p be 4*72/2*3152/24. Is (p/(-4))/(-6) + -2 + 1 a prime number?
True
Suppose 12*h - 44368 = 15236. Is h composite?
False
Let c = -10817 - -15328. Is c composite?
True
Suppose -141*y + 5129255 = 1141352. Is y prime?
True
Let c(a) = 11*a**2 + 9*a - 15. Let j(u) = 6*u**2 + 4*u - 7. Let g(m) = -2*c(m) + 5*j(m). Let n = 26 - 22. Is g(n) a prime number?
True
Is 1976/1 + (6 - 0) a prime number?
False
Let h(q) = 2857*q + 101. Is h(9) a prime number?
False
Is (8/(-30))/2 - 375801/(-45) a prime number?
False
Let b = -105 + 283. Suppose -5*j + u = -0*u + 3, -5*j = -5*u + 15. Suppose j = -3*f + b + 155. Is f prime?
False
Suppose 6*h - 77742 = 52128. Suppose h = -8*r + 3*r - 3*q, -3*q + 4347 = -r. Is 2/(-14) + r/(-42) prime?
True
Is 3 + 7/(-2) - 125877/(-2) composite?
True
Let z(f) be the third derivative of -f**4/12 - 8*f**3/3 - f**2. Let t be z(-10). Suppose -t*a = -l - 465, -2*a + 68 = 2*l - 152. Is a prime?
False
Is (1149 - (0 + 3)) + (-5 - -10) a prime number?
True
Let i(m) be the second derivative of 11*m**3/6 - 2*m**2 + 3*m. Suppose 0*f - 3*f + 15 = 0. Is i(f) composite?
True
Let x(z) = 27*z - 2. Suppose -4*f = 2*d - 14, -5*f - d = 3*d - 25. Let k be 1 + -4 - (-9 + f). Is x(k) composite?
True
Suppose 23919 = 4*z - 5*n + 10*n, 4*n + 17947 = 3*z. Is z composite?
False
Let j = 6 + -2. Suppose 2*d = -2*h + 890, -2*d = j*h - 1012 - 768. Is h composite?
True
Suppose -712 = -23*g + 19*g. Suppose 5*j = x - g - 36, -3*x + 727 = 2*j. Suppose 0 = y - 0*y - x. Is y composite?
False
Let r = -56 + 23. Let a = -55 - -87. Let y = a - r. Is y composite?
True
Suppose -2*j = j - 1233. Suppose -o - 2*c + 5*c - 123 = 0, 3*o + 5*c + j = 0. Let g = o + 199. Is g a prime number?
True
Suppose 1222 = 2*m + 426. Let z = -269 + m. Is z composite?
True
Suppose u = 5*a + 11717, -3*u + 6*u = a + 35123. Is u a prime number?
False
Let u(v) be the second derivative of 1099*v**5/20 + v**4/6 - v**3/3 + 10*v. Is u(1) a composite number?
True
Let v(a) = -2*a**3 - 17*a**2 - 7*a + 13. Let p be v(-8). Suppose -p*r = -3442 - 4648. Is r prime?
False
Suppose -24*t + 830475 = 21*t. Is t prime?
False
Let q = -14 - -12. Let s be q + 2 + 3 + 4. Suppose 0 = -3*b + s*b - 892. Is b composite?
False
Let b = 9733 + -1880. Suppose -2*u = -0*u + l - 3939, 3*l + b = 4*u. Is u prime?
False
Let u = -95 - -97. Suppose 2*w = 3*k + u*k - 3383, 0 = k + 4*